-2*x = -k + 7 + 4, -31 = -5*k + 4*x. Let c be y(k). Suppose c*h - 32 = -2*h. What is the remainder when 23 is divided by h?
7
Suppose 2*r + 18 = 4*v, 8*r + v = 3*r - 1. What is the remainder when 5/10*(97 - r) is divided by 17?
15
Suppose 0 = 6*f - 7*f + 30. Let g = f - 13. Calculate the remainder when g is divided by (0 - -5)/((-1)/(-2)).
7
What is the remainder when (-1 + 22/(-14))/(1/(-21)) is divided by 29?
25
Let z = 57 - 43. Calculate the remainder when 80 is divided by z.
10
Let o(i) = 5*i**3 - i**2 + i. Let f = -10 + 10. Suppose -3*a + 5*k - k + 21 = 0, 5*a + 5*k = f. What is the remainder when o(1) is divided by a?
2
Suppose -11 + 43 = 2*t - 2*i, i = -5*t + 74. Calculate the remainder when 28 is divided by t.
13
Let f be (14/(-3))/((-5)/(-135)). Let q = -66 - f. Suppose 3*s - q = s. Calculate the remainder when s is divided by 8.
6
Let u be 13*1/(-4)*4. Let k = 28 + u. Calculate the remainder when k is divided by 6.
3
What is the remainder when 15/(-10) - (-379)/2 is divided by 48?
44
Suppose 0 = 2*y - 26 + 4. Calculate the remainder when 39 is divided by y.
6
Let r(h) = h**2 - 3*h - 5. Let a be r(-5). Let v = 61 - a. Let z = -9 - -23. What is the remainder when v is divided by z?
12
Suppose 4*s - 2*d - 2*d + 4 = 0, 0 = 3*s - 4*d + 6. Suppose -s*a + 4 = -2. Suppose -a = t - 2*t. What is the remainder when t is divided by 1?
0
Suppose -3*y = -32 - 70. Calculate the remainder when y is divided by 21.
13
Let k = 78 - 11. What is the remainder when k is divided by 14?
11
Suppose -4*m = -27 - 13. Let f = 15 - m. Calculate the remainder when 14 is divided by f.
4
Let z = -81 - -106. What is the remainder when 73 + (3 + -2)*0 is divided by z?
23
Suppose 6 = 2*d - d. What is the remainder when 495/d + (-6)/(-4) is divided by 29?
26
Let j(i) = i**3 + 4*i**2 + 3*i - 2. Let c be j(-6). Let w = c + 55. Let m = -15 - w. What is the remainder when m is divided by 12?
10
Let x = 171 - 118. What is the remainder when x is divided by 14?
11
Suppose -2*r = -5*r + 3. Calculate the remainder when 6 is divided by r.
0
Suppose a = -4 + 2. What is the remainder when 36 is divided by (-194)/(-10) + a/5?
17
Suppose -6*i = -i - 15. Suppose 11 = i*k + 2. Suppose v - 12 = r + k*r, -v = 4*r - 28. Calculate the remainder when 58 is divided by v.
18
Let p be (-2)/1*(-2 + 1). Suppose -p*z + 6*z = 24. Let b = z + -2. Calculate the remainder when 6 is divided by b.
2
Calculate the remainder when 19 is divided by (-10)/20 + 21/2.
9
Suppose -8*n - 2*q + 74 = -4*n, 3*n = -4*q + 48. Let r(p) = 77*p**3 - p**2 + 2*p - 1. What is the remainder when r(1) is divided by n?
17
Let n = -13 - -40. What is the remainder when 79 is divided by n?
25
Suppose 0*u + 4*u = 0, -3*u = 5*v - 10. Suppose -a - v*a + 165 = 0. Suppose 4*q - 78 = f, -2*q + 3 + 25 = 5*f. What is the remainder when a is divided by q?
17
Suppose -b = -5*b + 20. Calculate the remainder when (-2*4)/(1/(-1)) is divided by b.
3
Suppose 0 = i - 7 + 3, -i = 2*r - 106. Calculate the remainder when r is divided by 27.
24
Let a(l) = l**2 + 15*l + 36. What is the remainder when 58 is divided by a(-14)?
14
Calculate the remainder when 21/2*16/24 is divided by 4.
3
Calculate the remainder when 20 is divided by ((-11)/4)/((-18)/72).
9
Let z(g) = g**3 - 6*g**2 + g. Let v be z(6). Let c(f) = -f**3 + 6*f**2 - f + 8. Let r(m) = 2*m - 1. Calculate the remainder when r(3) is divided by c(v).
1
Let p = 19 + -7. Calculate the remainder when 25 is divided by p.
1
Suppose 0 = 4*u + p - 5*p, 4*p + 3 = u. What is the remainder when 1 + (-98)/(u - 1) is divided by 17?
16
Suppose 3*o + 5*j = 21, -4*o + 9 = -7*o + 5*j. What is the remainder when 2 is divided by o?
0
Let q(o) = -o**3 + 9*o**2 - 6*o - 11. Let m be q(8). Suppose m*v + 40 = -40. Let s = v + 22. Calculate the remainder when 17 is divided by s.
5
What is the remainder when ((-396)/8)/(-3)*2 is divided by 6?
3
Let w = -56 - -104. Suppose 3*v = -2*f + 5*f - 96, 5*v + f = -172. Let p = w + v. What is the remainder when p is divided by 8?
6
Suppose 3*s + 2*s + 4*h - 41 = 0, 5*s = -h + 29. Suppose s*u - 197 = -7. Suppose 52 = -3*a + 7*a. What is the remainder when u is divided by a?
12
Suppose 3*o + 166 = -3*r - 266, 4*r - 729 = 5*o. Let n = -78 - o. What is the remainder when n is divided by 23?
21
Let s = -10 + 12. What is the remainder when (4/8)/1*12 is divided by s?
0
Let b(c) = -c + 23. Let x be (-1)/((-1)/(1/1)). Let f = 5 + x. Calculate the remainder when b(12) is divided by f.
5
Let o = 159 - 82. Calculate the remainder when o is divided by 13.
12
Let s = -43 - -50. Let m(d) = -10*d - 3. Let j(t) = -9*t - 2. Let g(z) = 4*j(z) - 3*m(z). Calculate the remainder when g(-3) is divided by s.
5
Suppose 0 = -x + 1 + 1. Calculate the remainder when 4 is divided by x.
0
Suppose -4*s - 22 = -122. Calculate the remainder when 49 is divided by s.
24
Suppose 0 = 2*q + 2*b + 4 - 32, 3*q - 77 = 4*b. Calculate the remainder when q is divided by 4.
3
Let k(c) = -2*c - 9. Let q be k(-6). Let z = q + 8. Calculate the remainder when 31 is divided by z.
9
Suppose 2*b - 7*b = -10. Suppose -5*o - b*l + 50 = 3*l, -5*l + 41 = 4*o. Calculate the remainder when o is divided by 6.
3
Let t(v) be the third derivative of -5*v**4/24 + 3*v**2. What is the remainder when 18 is divided by t(-2)?
8
Let h be (-4)/(-6) + (-21)/(-9). Suppose 2*d - h*d = p - 7, -1 = -3*p + 2*d. What is the remainder when 11 is divided by p?
2
Calculate the remainder when 49 is divided by 10/15 - (-147)/9.
15
Let y = 39 - 28. Let h = 13 - y. Calculate the remainder when 11 is divided by h.
1
Let d(m) be the third derivative of m**4 - 2*m**2 + 0*m + 0 - 1/2*m**3. Calculate the remainder when d(2) is divided by 12.
9
Let o = -88 + 160. Suppose 0 = -0*j + j + o. Calculate the remainder when 36 is divided by 2/(2 - j/(-38)).
17
Let t = -11 + 24. What is the remainder when 36 is divided by t?
10
Suppose 5*j - 1 = 4*d, 3*d + 10 = -2*j + 2*d. Let i be j - 2/(-6)*-3. What is the remainder when 32 is divided by 2*(102/i)/(-3)?
15
Suppose 3*v + 9 = 5*m, -2*v - 9 = v - 2*m. Suppose 2*u + 8 = 3*u. What is the remainder when (-174)/2*v/9 is divided by u?
5
Suppose 144 = 4*o - 0*o. Suppose 0 = -0*q - 4*q - o. Let j = -2 - q. Calculate the remainder when j is divided by 3.
1
Let t(k) = 4*k + 4 + k - 6*k. Calculate the remainder when 48 is divided by t(-9).
9
Suppose 197 - 27 = 10*f. Calculate the remainder when f is divided by 6.
5
Suppose r + 2*r = 21. Suppose 0 = -2*l + 8, 2*w + 4*l = l - 84. Let b = w + 67. Calculate the remainder when b is divided by r.
5
Let c = 5 - -12. Calculate the remainder when 66 is divided by c.
15
Let o = 7 + 1. Calculate the remainder when 30 is divided by o.
6
Suppose 138 = -4*r - 310. Let z(w) = w**2 + w + 2. Calculate the remainder when (-3)/2*r/12 is divided by z(-3).
6
Suppose -3*m - 4*o = -100, 3*m + 5*o - 101 = -0*m. Suppose i + 62 = 5*a - 3*i, 0 = -2*a - 2*i + m. Calculate the remainder when a is divided by 5.
4
Let u(j) = 3 - 83*j - j**3 + 4*j**2 + 83*j. Let y = 11 - 7. Calculate the remainder when 8 is divided by u(y).
2
Suppose -5*g = -g - 220. Let n(o) = -o**3 + o + 19. What is the remainder when g is divided by n(0)?
17
Let y(z) = 2*z - 14. Let j be y(-11). Let o = j - -55. What is the remainder when o is divided by 11?
8
Suppose 53 = 5*v - 177. Let o = -6 - -8. Suppose 42 = 2*r - l + 6*l, -26 = -o*r + 3*l. Calculate the remainder when v is divided by r.
14
Let y be 10/1 - (2 + -1). Suppose 3*m = b + 9, 5*b + 6 = 2*m + 3*b. Calculate the remainder when m is divided by 3/2*12/y.
1
Let n = 13 + -10. Calculate the remainder when (n/(-2) + 1)*-62 is divided by 16.
15
Let f(m) = m**2 + 2*m + 11. Calculate the remainder when f(-6) is divided by 9.
8
Suppose -4*y - 1 = -5. Let v(o) = 6*o**3 - o**2 + o. Let f be v(y). Suppose 0 = -r + f + 13. What is the remainder when 55 is divided by r?
17
Calculate the remainder when (3 - 160)/(-2 - -1) is divided by 32.
29
What is the remainder when 2*185/(-20)*-2 is divided by 8?
5
Let p = -2 - -3. Let r be 2 + (1 - -1 - 0). Suppose 5*j + 25 = 5*a, 10 = 2*a - r*j - 6. What is the remainder when a is divided by p?
0
Suppose 11 - 26 = 2*j - 5*n, 3*n - 40 = -5*j. What is the remainder when 21 is divided by j?
1
Suppose -3*r + 10*r = 63. Let o = 10 + 5. What is the remainder